ppose -75 = -q*r - 2*v, 3*r - 3*v = -4*v + 72. Calculate the remainder when 44 is divided by r.
21
Let w be (-2)/8 + 1695/12. Suppose 4*g + 5 = w. Calculate the remainder when g is divided by 18.
16
Let y(a) = a**2 + 2. Let c be y(-2). Suppose 2*v = c*v - 56. What is the remainder when v is divided by 4?
2
Let u = -28 + 76. What is the remainder when u is divided by 10?
8
Let f(w) = -w - 2*w**2 + 3*w + 3*w + 3*w**2 + 4. Let z be f(-4). Suppose -2*m - m + 36 = z. Calculate the remainder when 22 is divided by m.
10
Calculate the remainder when 53 is divided by (0 - (-96)/5) + 5/(-25).
15
Let k(l) = -l**2 - 7*l + 5. Calculate the remainder when 8 is divided by k(-7).
3
Suppose u + 96 = 4*u. Calculate the remainder when u is divided by 11.
10
Let x = 40 + 3. Suppose -3*t + 3*w = t - 50, -5*w - 21 = -t. Calculate the remainder when x is divided by t.
10
Suppose 46 - 141 = -5*d. Calculate the remainder when 2/9 + 1328/18 is divided by d.
17
Let s(f) = 12*f**2 - f. Let w be s(1). Let o = w - 7. Calculate the remainder when ((-91)/(-26))/((-2)/(-4)) is divided by o.
3
Suppose -2*o = 4*r - 3 - 25, 3*o + 5*r = 38. Calculate the remainder when o is divided by 2.
0
Let w be 6/(-21) + 18/14. Let x(j) = 19*j**2 - 2*j + 1. What is the remainder when 53 is divided by x(w)?
17
Let d = -4 - -32. Calculate the remainder when 79 is divided by d.
23
What is the remainder when 93 is divided by (27/(-18))/((-9)/192)?
29
Suppose 3*g - 62 = -5*v, g = -2*v + 10 + 9. What is the remainder when g is divided by (-33)/(-2) + 3/(-6)?
13
Suppose 2*m - 12 = -m. Suppose -2 = 3*i + 2*r, 2 = -3*i - m*r - 2. Suppose -1 = -i*w - w. Calculate the remainder when 1 is divided by w.
0
Suppose 67*c + 385 = 74*c. What is the remainder when c is divided by 19?
17
Suppose 9*x + 29 = 101. What is the remainder when 79 is divided by x?
7
Suppose -18*u + 17*u = -15. What is the remainder when 32 is divided by u?
2
Suppose -4 = -5*m - 2*w + 12, 8 = 3*m + 2*w. Suppose -87 = -m*s + s. Suppose -4*d + 20 = -2*d. What is the remainder when s is divided by d?
9
Calculate the remainder when 64 is divided by -19*15/(-45)*(1 + 2).
7
Let j be (-1028)/(-20) + (-2)/5. Suppose -2*u - 4*s + j = s, -4*u = -5*s - 147. What is the remainder when u is divided by 27/33 - 1 - (-378)/22?
16
Suppose 3*q - 12 = -q. Suppose 0 = -3*j - 0*j - 4*l - 26, q*l - 3 = 0. Let x = -1 - j. Calculate the remainder when 16 is divided by x.
7
Let s(l) = 18*l - 20. Let n(h) = 6*h - 7. Let a(w) = -17*n(w) + 6*s(w). What is the remainder when (-32)/(-1) - 2/2 is divided by a(2)?
9
Suppose -128 = -4*b + 248. What is the remainder when b is divided by 24?
22
Let m = 21 - 6. Let b be 800/m + (-4)/(-6). Let l = -31 + b. Calculate the remainder when l is divided by 8.
7
Let q(r) = 41*r + 2. What is the remainder when q(3) is divided by 21?
20
Let d = 83 + -47. Calculate the remainder when 140 is divided by d.
32
Let u be 2/(-10)*2*-10. Suppose -19 = -5*z + 21. Let v = z - u. What is the remainder when 11 is divided by v?
3
Let r be 2/(-11) - (-600)/33. Let j be (-4)/r + 195/27. Suppose 2*u - 25 = j. What is the remainder when 61 is divided by u?
13
Suppose 0*k = -k + t + 34, 12 = -4*t. Suppose 5*p - 160 = -120. What is the remainder when k is divided by p?
7
Suppose 14 = -2*m + 22. Calculate the remainder when 7 is divided by m.
3
Let x = -4 + 6. Suppose x*t - 7*t = -50. What is the remainder when t is divided by 6?
4
Suppose 0 = -3*h + h + 2, -4*h + 184 = 5*v. Suppose -n + 4*n = v. Suppose -20 = 2*t + 2*t, 5*x + 4*t = 155. What is the remainder when x is divided by n?
11
Calculate the remainder when 79 is divided by (34/(-6))/(3/(-9)).
11
Let s = -33 - -72. Calculate the remainder when s is divided by 21.
18
Let l be (-7)/14*(-6 + 2). Suppose -6*w + 484 = -l*w. What is the remainder when w is divided by 31?
28
Let r = -2 - -4. Suppose -3*s = -r*s - 7. What is the remainder when 33 is divided by s?
5
Let g = 0 - -1. What is the remainder when (-375)/(-9) - 6/9 is divided by g*20 + -1 + 2?
20
Let n = -6 + 22. Let k = 16 - -31. What is the remainder when k is divided by n?
15
Suppose -355 + 88 = -3*h. Calculate the remainder when h is divided by 15.
14
Let x(p) = p**2 - 6*p - 13. Let r be x(9). Let l = -5 + r. What is the remainder when 25 is divided by l?
7
Let u(g) = g**3 + 4*g**2 + 4*g - 1. Let d be u(-3). Calculate the remainder when 2 is divided by 2 + d + 4/1.
0
Let f = 33 - 21. Let k be 2/7 - (-1355)/35. Suppose 55 = 2*m - 2*r - 19, -m = -2*r - k. Calculate the remainder when m is divided by f.
11
Let k = 21 - 7. Calculate the remainder when k is divided by 5.
4
Suppose -p - 6 = w - 32, 55 = 2*w + 3*p. Let q = w - 11. Calculate the remainder when 21 is divided by q.
9
Let m = 3 - 2. Calculate the remainder when (-6)/(-12) + (-3)/(-2) is divided by m.
0
Suppose -f - j = -28, -f + 2*j + 30 = 2. What is the remainder when f is divided by 15?
13
Let g(s) = -s**2. Let c be g(-3). Let t = c - -13. Calculate the remainder when 7 is divided by t.
3
Let l = 26 + 2. Let x(b) = b - 7. Let f be x(7). Suppose y + f = 10. What is the remainder when l is divided by y?
8
Suppose -5*q = 10 - 35. Suppose 0 = -y - q + 12. What is the remainder when 4/(-6) + (-82)/(-6) is divided by y?
6
Let o(g) = -6*g - 5. Calculate the remainder when 76 is divided by o(-3).
11
Suppose -2 - 1 = -t. Suppose 0 = -t*b + 4*h + 14, -6 = -3*b + h + 2. Suppose 0 = b*m - 79 + 23. Calculate the remainder when m is divided by 15.
13
Suppose 2*o + 10 = 0, 0*n + n - 23 = 3*o. What is the remainder when 30 is divided by n?
6
Let b = 3 - -4. Let p(x) = -3*x - 6. Calculate the remainder when p(-6) is divided by b.
5
Let h = 54 + -20. Suppose -4*u = 5*t - 16, 0*u - 4*t = -2*u + h. Calculate the remainder when 33 is divided by u.
6
Suppose -4*v = 0, -3*i - 2*v = -44 - 37. Calculate the remainder when i is divided by 14.
13
Suppose -13*r - 44 = -17*r. Calculate the remainder when 55 is divided by r - 9 - 13*-2.
27
Let p(x) = x**2 + x. Let w be p(3). Let b = -7 + w. Suppose 2*h = 6*h - 52. What is the remainder when h is divided by b?
3
Let u(q) = q**2 + 7*q + 3. Let w be u(6). What is the remainder when 52 is divided by (w/6)/((-9)/(-12))?
16
Let a(b) = -b + 6. Let g be a(-5). Let n = -7 + g. What is the remainder when 12/(-9)*9/(-2) is divided by n?
2
Let x(d) = -40*d**2 + d. Let h be x(6). Let z be h/15 + (-2)/5. Let a = -66 - z. What is the remainder when a is divided by 16?
14
Suppose -682 = -3*o - 8*o. What is the remainder when o is divided by 33?
29
Let b = 127 + -75. What is the remainder when b - (-4 - -2)/1 is divided by 14?
12
Suppose 2*g + 2 = -2*z, 3 = -0*g + 3*g + z. Suppose 0 = 4*w + h - 113, 3 = g*h + h. What is the remainder when w is divided by 15?
13
Suppose 4*z - 76 = -4*u, -3*z + 5*u + 0*u + 65 = 0. Calculate the remainder when 38 is divided by z.
18
Suppose -6 = d - 17. Suppose 4*a = g + 13, a = -3*g - 0*g - 13. Suppose 0 = -x - a*t + 27, 103 = -x + 6*x + 2*t. What is the remainder when x is divided by d?
8
Suppose 18 = -w + 41. Calculate the remainder when w is divided by 6.
5
Suppose -40 - 155 = -3*m. Calculate the remainder when m is divided by 17.
14
Let i = -8 - -14. Let p(n) = n**3 - 5*n**2 - 5*n + 6. What is the remainder when 23 is divided by p(i)?
11
Let x = 1 - -1. Let a(g) = -g**3 - 2*g - g**3 - x + 0*g**3 - 2*g**3. Calculate the remainder when a(-2) is divided by 9.
7
Let n be 20/(-6)*72/(-30). Suppose b + b = n. Suppose -3*u = -7*u - 4*q - 8, -b*u = 5*q + 12. Calculate the remainder when 5 is divided by u.
1
Let j(z) = z**3 - 4*z**2 - 3*z + 4. Let w be j(5). Calculate the remainder when 37 is divided by (-20)/w*7/(-1).
7
Suppose 0 = 3*z + 2*i - 7, 5*z + 4*i - 1 = 10. Suppose -2*b - z = -c, -b - b + 19 = c. Calculate the remainder when c is divided by 6.
5
Suppose m + 12 - 2 = 0. What is the remainder when 37 is divided by ((-5)/m)/(1/26)?
11
Suppose m = -m + 64. Let v = 290 + -195. What is the remainder when v is divided by m?
31
Let a(x) = 4*x - 24. Calculate the remainder when -1*118/((-2)/1) is divided by a(11).
19
Suppose -5*z + 420 = -0*z. Suppose -2*x = 0, 2*x + 36 = 3*a + 6*x. Suppose a*i - 9*i = z. Calculate the remainder when i is divided by 15.
13
Let h be 1/5 - 126/30. Let d be h - 0 - (1 + -1). Calculate the remainder when (219/(-6))